38 + 54. What is the greatest common divisor of 2 and w?
2
Let u(k) = k + 2. Let y be u(-2). Let q be -5 + 10 - y/(-2). Let j = 56 + -11. What is the greatest common divisor of j and q?
5
Suppose -4*t + 3*a = 2, 3*a - 3 = 5*t - a. Let w = t + -4. Let j be 62/1 - (w - -2). Calculate the greatest common factor of 9 and j.
9
Let l(n) = -2*n - 1. Let u be l(-7). Calculate the highest common factor of 117 and u.
13
Let g = -26 + 56. Suppose -g - 306 = -4*l. What is the highest common factor of l and 14?
14
Let j = 5 - -1. What is the greatest common factor of j and 66?
6
Suppose -5*d - 2*z = -990, 4*d + 2*z = 1213 - 421. Suppose 39 + 9 = 3*r. Let m be 2/8 + 348/r. Calculate the highest common divisor of d and m.
22
Let r(b) = b**3 + 7*b**2 + 7*b. Let o be r(-5). Suppose -4*s + s + o = 0, 5*s - 89 = -4*i. Calculate the greatest common factor of i and 2.
2
Let d be (-3)/6 - (-1330)/(-4). Let m = 652 + d. What is the highest common divisor of 29 and m?
29
Suppose 0 = -2*a - 0*a + 198. Let o = 30 + -19. What is the greatest common divisor of o and a?
11
Let j(x) = -x**2 + 5*x + 10. Let c be j(7). Let y = c - -5. Suppose 3 = 4*w - y. What is the highest common factor of 11 and w?
1
Let i(z) = 7*z**2 - z - 2. Let l be i(2). Suppose 0 = -2*y + q + 4*q + 26, -23 = -y + 5*q. What is the greatest common factor of l and y?
3
Let g = -46 + 22. Let r be g/30*(-5)/2. What is the highest common factor of r and 2?
2
Let w(x) = -31*x + 2. Let o be w(-1). What is the highest common factor of 22 and o?
11
Let i(t) = t**3 - 9*t**2 + 9*t + 4. Let x be i(7). Suppose 118 = -0*p + 2*p. Let v = x + p. Calculate the highest common factor of 14 and v.
14
Let k = 17 + -13. Suppose -k*b = -3 - 33. Let j = 0 - -1. What is the highest common divisor of b and j?
1
Let o = 318 + -102. Let v be (2/1)/((-1)/(-12)). Calculate the greatest common factor of v and o.
24
Let p(m) = -26*m**3 - m**2 - m. Let o be p(-1). Calculate the greatest common factor of o and 260.
26
Let j(y) = 2*y - 7. Let x be j(5). Suppose x*i + 2*d - 261 = -d, -3*i + 5*d + 301 = 0. Calculate the highest common factor of i and 23.
23
Let o = 0 - 1. Let a be ((-8)/6)/(o/3). Let s = 36 - 16. What is the greatest common divisor of s and a?
4
Let b = 16 + 4. What is the greatest common divisor of 100 and b?
20
Suppose -265 = -4*o + 43. Calculate the greatest common factor of 22 and o.
11
Let t be -2 - -3 - 0 - -188. Let i = -41 - -68. Calculate the highest common factor of i and t.
27
Let s(y) be the first derivative of -y**3/3 - 11*y**2/2 - y + 2. Let p be s(-7). What is the highest common factor of 3 and p?
3
Suppose -2*r + 12 = -4*n + 4, 5*r + 5*n + 10 = 0. Let z be (0 + 0)*11/(-33). Suppose z = -r*h - h + 15. Calculate the greatest common factor of h and 60.
15
Suppose 2*y = -0*y + 6. Let d = y - -2. Let u be 25*((-8)/(-5))/2. Calculate the greatest common divisor of u and d.
5
Suppose -4*x = -q + 62 - 474, 424 = 4*x + 2*q. Calculate the highest common factor of 26 and x.
26
Let w(g) = -g - 8. Let i be w(-22). Calculate the greatest common factor of i and 98.
14
Let g = -47 - -187. What is the greatest common factor of 35 and g?
35
Suppose -88 = -2*m + 4*c, -3*m - 6*c = -3*c - 87. What is the highest common divisor of m and 34?
34
Let r = 4 - -28. What is the highest common divisor of r and 16?
16
Let m(h) = h + 2. Let s be m(5). Suppose 2*n = s*n - 90. What is the highest common divisor of n and 144?
18
Let c be ((-1)/3)/(1/(-15)). Suppose -c*v = 5609 - 209. Let s be 4/(-14) + v/(-7). Calculate the highest common divisor of s and 14.
14
Suppose -o - 2*o = -84. Suppose -5*m = -o - 7. What is the highest common divisor of 42 and m?
7
Let v(k) = 12*k**2 + 2*k + 2. Let l be v(-1). Calculate the greatest common factor of 84 and l.
12
Let j(q) = -5*q**3 + q**2 - 7*q - 6. Let p(f) = 4*f**3 + 6*f + 5. Let l(m) = 5*j(m) + 6*p(m). Let z be l(5). What is the highest common factor of z and 20?
5
Let i(t) = t. Let b = 6 + -3. Let l be i(b). Suppose c - 1 = 3*y + 23, 5*c - 120 = -l*y. What is the highest common factor of c and 3?
3
Suppose 5*z - 15 + 10 = 0. Calculate the highest common factor of 1 and z.
1
Let w(p) = -p. Let s be w(8). Let z be 0 + (0 - s*22). Calculate the highest common divisor of 22 and z.
22
Suppose 4*j = 4*r - 28, -j + 2 = r + 5. Suppose x + u - 3*u = r, x + 2*u - 18 = 0. Calculate the greatest common divisor of x and 80.
10
Let b = 21 - 1. What is the greatest common factor of b and 50?
10
Suppose -v - 5*t + 405 = -0*v, 5*v - t - 1921 = 0. What is the highest common divisor of v and 35?
35
Let u(d) = -d + 3. Let y be u(-2). What is the greatest common factor of y and 25?
5
Let h be (-6)/9 - (-118)/6. Suppose -d = -h - 1. What is the highest common factor of 30 and d?
10
Let i(n) = 8*n**3 + 2*n**2 - 2*n. Let b be i(1). Let g(a) = a**2 + 7*a + 8. Let q be g(-8). Calculate the highest common factor of b and q.
8
Let f(a) = -a**2 - 4*a - 2. Let v be f(-3). Let p = 6 + v. Let c = 25 + 3. Calculate the greatest common factor of c and p.
7
Let w = 9 + 3. Let i = 44 - -64. Calculate the highest common divisor of w and i.
12
Suppose 0 = -3*m + 184 + 329. Calculate the greatest common factor of m and 19.
19
Let f = 220 - 0. Suppose 4*c + 3 = 5*p, 5*c - 3*p + 2 = -5. Let k be (1*30)/((-3)/c). What is the greatest common factor of f and k?
20
Let h(f) = -f + 8. Let z be h(4). Suppose -3*t + 7 = -z*t. Let b = t + 11. Calculate the greatest common factor of 28 and b.
4
Suppose 4*t - 50 = -t. Let c = t + -5. Suppose 2*i + 2*q - 32 = 0, 5 = c*i - 2*q - 47. Calculate the highest common divisor of i and 4.
4
Let k(w) = w**2 + 2*w. Let n be k(-4). What is the greatest common factor of 1 and n?
1
Let u(y) = y - 15. Let b(d) = -7. Let q(n) = -13*b(n) + 6*u(n). Let f be q(1). Calculate the highest common divisor of f and 49.
7
Let f(o) = 17*o + 12. Let y be f(4). Calculate the greatest common factor of y and 32.
16
Suppose 1 = 2*x - 1. Suppose -4*u + x = -5*u, -4*s + 3*u + 23 = 0. What is the greatest common factor of 20 and s?
5
Suppose 5*n + x - 1440 = 0, -3*x = -5*n + 136 + 1304. Calculate the highest common factor of n and 18.
18
Let f be (-5)/(-3)*(19 + 2). Calculate the highest common factor of 7 and f.
7
Suppose 0*t = -4*t - 4*h + 56, 3*t = -2*h + 42. What is the greatest common factor of t and 112?
14
Suppose 4*j - 2*u - 114 = 0, -u = 4*j + 3*u - 120. Calculate the highest common divisor of j and 319.
29
Let p = -110 + 114. Calculate the greatest common divisor of 22 and p.
2
Let l be (30 - -2)/(2 + -3). Let k = -24 - -17. Let r = k - l. Calculate the greatest common factor of 5 and r.
5
Let y(d) = -14*d + 1. Let m(o) = 13*o - 1. Let c(t) = 7*m(t) + 6*y(t). Let s be c(1). What is the highest common factor of 42 and s?
6
Suppose 3*c + 8 = -2*j, -3*c = j + 6 + 1. Let l be ((-23)/(-3))/(c/(-6)). Let w = 1 + l. What is the highest common divisor of w and 60?
12
Let p(c) = -34*c - 1. Suppose 3 = -2*j + 2*n - 11, -3*n = 2*j + 9. Let l be ((-4)/j + -1)*3. Let g be p(l). Calculate the highest common divisor of g and 22.
11
Suppose 6*b - 18 = 18. What is the greatest common factor of 9 and b?
3
Suppose 10*o = 12*o. Let y = 8 + o. What is the highest common divisor of 4 and y?
4
Let t be (14/2)/((-18)/(-72)). Calculate the highest common factor of t and 112.
28
Let r(d) = 4*d - 7. Let y be r(6). Suppose -430 = -4*k + 114. Calculate the greatest common factor of k and y.
17
Let t(b) = 13*b + 7. Suppose a - 3*s - 2 = 3*a, 4*a + 3*s = 8. Let u be t(a). Calculate the greatest common divisor of u and 8.
8
Suppose -3*i + z - 8 = -4*i, -4*i - 5*z = -30. Suppose 0 = s - 3, -4*u - 3*s = -0*u - 29. What is the greatest common factor of u and i?
5
Let g(c) = 8*c**2 + 11*c + 1. Let t be g(-2). Calculate the greatest common factor of 1 and t.
1
Suppose -x = 2*x. Suppose -3*c = 0, x = -0*p + 3*p - 2*c - 300. Suppose 3*b + p = 5*b. Calculate the highest common factor of 10 and b.
10
Suppose -a + 3*x + 18 = 7*x, 5*a - 15 = 5*x. What is the highest common factor of 9 and a?
3
Let m be (-25 - -23)/(1*1/(-20)). What is the greatest common factor of m and 20?
20
Let w(u) = -u**3 - u + 7. Let f be w(0). Suppose -i = -2*l + 7*l - 145, -2*l - 2*i = -66. What is the highest common divisor of f and l?
7
Suppose z - 34 = -2*r + 5*z, 3*r = 2*z + 31